{"version":"1.0","provider_name":"Groupement fribourgeois des Carreleurs","provider_url":"https:\/\/gfc-fr.netmanage-dev.ch","author_name":"UPCF_com","author_url":"https:\/\/gfc-fr.netmanage-dev.ch\/index.php\/author\/upcf_com\/","title":"CCT\/CCRA - Groupement fribourgeois des Carreleurs","type":"rich","width":600,"height":338,"html":"<blockquote class=\"wp-embedded-content\" data-secret=\"YugoWiUP1F\"><a href=\"https:\/\/gfc-fr.netmanage-dev.ch\/index.php\/cct-ccra\/\">CCT\/CCRA<\/a><\/blockquote><iframe sandbox=\"allow-scripts\" security=\"restricted\" src=\"https:\/\/gfc-fr.netmanage-dev.ch\/index.php\/cct-ccra\/embed\/#?secret=YugoWiUP1F\" width=\"600\" height=\"338\" title=\"\u00ab\u00a0CCT\/CCRA\u00a0\u00bb &#8212; Groupement fribourgeois des Carreleurs\" data-secret=\"YugoWiUP1F\" frameborder=\"0\" marginwidth=\"0\" marginheight=\"0\" scrolling=\"no\" class=\"wp-embedded-content\"><\/iframe><script>\n\/*! This file is auto-generated *\/\n!function(d,l){\"use strict\";l.querySelector&&d.addEventListener&&\"undefined\"!=typeof URL&&(d.wp=d.wp||{},d.wp.receiveEmbedMessage||(d.wp.receiveEmbedMessage=function(e){var t=e.data;if((t||t.secret||t.message||t.value)&&!\/[^a-zA-Z0-9]\/.test(t.secret)){for(var s,r,n,a=l.querySelectorAll('iframe[data-secret=\"'+t.secret+'\"]'),o=l.querySelectorAll('blockquote[data-secret=\"'+t.secret+'\"]'),c=new RegExp(\"^https?:$\",\"i\"),i=0;i<o.length;i++)o[i].style.display=\"none\";for(i=0;i<a.length;i++)s=a[i],e.source===s.contentWindow&&(s.removeAttribute(\"style\"),\"height\"===t.message?(1e3<(r=parseInt(t.value,10))?r=1e3:~~r<200&&(r=200),s.height=r):\"link\"===t.message&&(r=new URL(s.getAttribute(\"src\")),n=new URL(t.value),c.test(n.protocol))&&n.host===r.host&&l.activeElement===s&&(d.top.location.href=t.value))}},d.addEventListener(\"message\",d.wp.receiveEmbedMessage,!1),l.addEventListener(\"DOMContentLoaded\",function(){for(var e,t,s=l.querySelectorAll(\"iframe.wp-embedded-content\"),r=0;r<s.length;r++)(t=(e=s[r]).getAttribute(\"data-secret\"))||(t=Math.random().toString(36).substring(2,12),e.src+=\"#?secret=\"+t,e.setAttribute(\"data-secret\",t)),e.contentWindow.postMessage({message:\"ready\",secret:t},\"*\")},!1)))}(window,document);\n<\/script>\n","description":"CCT\/CCRA La Convention collective de travail du second \u0153uvre romand (CCT-SOR) fixe les exigences minimales que doivent respecter les entreprises et les employ\u00e9s du second \u0153uvre. La CCT-SOR 2019 a \u00e9t\u00e9 \u00e9tendue par arr\u00eat\u00e9 du Conseil f\u00e9d\u00e9ral (ACF du 29 janvier 2019), elle est donc de force obligatoire et s\u2019impose \u00e0 toutes les entreprises entrant [&hellip;]"}

CCT/CCRA La Convention collective de travail du second œuvre romand (CCT-SOR) fixe les exigences minimales que doivent respecter les entreprises et les employés du second œuvre. La CCT-SOR 2019 a été étendue par arrêté du Conseil fédéral (ACF du 29 janvier 2019), elle est donc de force obligatoire et s’impose à toutes les entreprises entrant [&hellip;]
