{"id":11,"date":"2021-03-22T08:01:37","date_gmt":"2021-03-22T08:01:37","guid":{"rendered":"https:\/\/gfc-fr.netmanage-dev.ch\/?page_id=11"},"modified":"2024-10-02T13:18:00","modified_gmt":"2024-10-02T13:18:00","slug":"page-daccueil","status":"publish","type":"page","link":"https:\/\/gfc-fr.netmanage-dev.ch\/","title":{"rendered":""},"content":{"rendered":"\t\t<div data-elementor-type=\"wp-page\" data-elementor-id=\"11\" class=\"elementor elementor-11\" data-elementor-post-type=\"page\">\n\t\t\t\t\t\t<section class=\"elementor-section elementor-top-section elementor-element elementor-element-38042d3 elementor-section-boxed elementor-section-height-default elementor-section-height-default\" data-id=\"38042d3\" data-element_type=\"section\" data-e-type=\"section\" data-settings=\"{&quot;background_background&quot;:&quot;classic&quot;}\">\n\t\t\t\t\t\t<div class=\"elementor-container elementor-column-gap-no\">\n\t\t\t\t\t<div class=\"elementor-column elementor-col-100 elementor-top-column elementor-element elementor-element-96f9bfb\" data-id=\"96f9bfb\" data-element_type=\"column\" data-e-type=\"column\">\n\t\t\t<div class=\"elementor-widget-wrap elementor-element-populated\">\n\t\t\t\t\t\t<section class=\"elementor-section elementor-inner-section elementor-element elementor-element-8f8d149 elementor-section-full_width elementor-section-height-min-height elementor-section-height-default\" data-id=\"8f8d149\" data-element_type=\"section\" data-e-type=\"section\">\n\t\t\t\t\t\t<div class=\"elementor-container elementor-column-gap-default\">\n\t\t\t\t\t<div class=\"elementor-column elementor-col-50 elementor-inner-column elementor-element elementor-element-e7334c1\" data-id=\"e7334c1\" data-element_type=\"column\" data-e-type=\"column\" data-settings=\"{&quot;background_background&quot;:&quot;classic&quot;}\">\n\t\t\t<div class=\"elementor-widget-wrap\">\n\t\t\t\t\t\t\t<\/div>\n\t\t<\/div>\n\t\t\t\t<div class=\"elementor-column elementor-col-50 elementor-inner-column elementor-element elementor-element-e95f6f8\" data-id=\"e95f6f8\" data-element_type=\"column\" data-e-type=\"column\" data-settings=\"{&quot;background_background&quot;:&quot;classic&quot;}\">\n\t\t\t<div class=\"elementor-widget-wrap elementor-element-populated\">\n\t\t\t\t\t\t<div class=\"elementor-element elementor-element-4bed10f elementor-widget elementor-widget-text-editor\" data-id=\"4bed10f\" data-element_type=\"widget\" data-e-type=\"widget\" data-widget_type=\"text-editor.default\">\n\t\t\t\t<div class=\"elementor-widget-container\">\n\t\t\t\t\t\t\t\t\t<p>Fond\u00e9e en 1961, le GFC est le Groupement fribourgeois des carreleurs. Elle regroupe plus de 26 entreprises. L\u2019association bilingue s\u2019implique dans la commission des cours interentreprises et la commission d\u2019apprentissage.<\/p>\t\t\t\t\t\t\t\t<\/div>\n\t\t\t\t<\/div>\n\t\t\t\t<div class=\"elementor-element elementor-element-0ef180f elementor-widget elementor-widget-heading\" data-id=\"0ef180f\" data-element_type=\"widget\" data-e-type=\"widget\" data-widget_type=\"heading.default\">\n\t\t\t\t<div class=\"elementor-widget-container\">\n\t\t\t\t\t<h2 class=\"elementor-heading-title elementor-size-default\">News<\/h2>\t\t\t\t<\/div>\n\t\t\t\t<\/div>\n\t\t\t\t<div class=\"elementor-element elementor-element-6dfdeb2 elementor-widget elementor-widget-button\" data-id=\"6dfdeb2\" data-element_type=\"widget\" data-e-type=\"widget\" data-widget_type=\"button.default\">\n\t\t\t\t<div class=\"elementor-widget-container\">\n\t\t\t\t\t\t\t\t\t<div class=\"elementor-button-wrapper\">\n\t\t\t\t\t<a class=\"elementor-button elementor-button-link elementor-size-sm\" href=\"https:\/\/www.upcf.ch\/gfc-test\/\">\n\t\t\t\t\t\t<span class=\"elementor-button-content-wrapper\">\n\t\t\t\t\t\t\t\t\t<span class=\"elementor-button-text\">Inscription test d\u2019aptitudes<\/span>\n\t\t\t\t\t<\/span>\n\t\t\t\t\t<\/a>\n\t\t\t\t<\/div>\n\t\t\t\t\t\t\t\t<\/div>\n\t\t\t\t<\/div>\n\t\t\t\t<div class=\"elementor-element elementor-element-40a2a77 elementor-widget elementor-widget-button\" data-id=\"40a2a77\" data-element_type=\"widget\" data-e-type=\"widget\" data-widget_type=\"button.default\">\n\t\t\t\t<div class=\"elementor-widget-container\">\n\t\t\t\t\t\t\t\t\t<div class=\"elementor-button-wrapper\">\n\t\t\t\t\t<a class=\"elementor-button elementor-button-link elementor-size-sm\" href=\"https:\/\/www.upcf.ch\/de\/fpv-eignungstests\/\">\n\t\t\t\t\t\t<span class=\"elementor-button-content-wrapper\">\n\t\t\t\t\t\t\t\t\t<span class=\"elementor-button-text\">Anmeldung Eignungstest<\/span>\n\t\t\t\t\t<\/span>\n\t\t\t\t\t<\/a>\n\t\t\t\t<\/div>\n\t\t\t\t\t\t\t\t<\/div>\n\t\t\t\t<\/div>\n\t\t\t\t\t<\/div>\n\t\t<\/div>\n\t\t\t\t\t<\/div>\n\t\t<\/section>\n\t\t\t\t\t<\/div>\n\t\t<\/div>\n\t\t\t\t\t<\/div>\n\t\t<\/section>\n\t\t\t\t<section class=\"elementor-section elementor-top-section elementor-element elementor-element-e08c720 elementor-section-boxed elementor-section-height-default elementor-section-height-default\" data-id=\"e08c720\" data-element_type=\"section\" data-e-type=\"section\" data-settings=\"{&quot;background_background&quot;:&quot;classic&quot;}\">\n\t\t\t\t\t\t<div class=\"elementor-container elementor-column-gap-default\">\n\t\t\t\t\t<div class=\"elementor-column elementor-col-100 elementor-top-column elementor-element elementor-element-e5bf5a4\" data-id=\"e5bf5a4\" data-element_type=\"column\" data-e-type=\"column\">\n\t\t\t<div class=\"elementor-widget-wrap elementor-element-populated\">\n\t\t\t\t\t\t<div class=\"elementor-element elementor-element-3ed6a90 elementor-widget elementor-widget-heading\" data-id=\"3ed6a90\" data-element_type=\"widget\" data-e-type=\"widget\" data-widget_type=\"heading.default\">\n\t\t\t\t<div class=\"elementor-widget-container\">\n\t\t\t\t\t<h2 class=\"elementor-heading-title elementor-size-default\">Pr\u00e9sentation<\/h2>\t\t\t\t<\/div>\n\t\t\t\t<\/div>\n\t\t\t\t<section class=\"elementor-section elementor-inner-section elementor-element elementor-element-e22d9b0 elementor-section-full_width elementor-section-height-default elementor-section-height-default\" data-id=\"e22d9b0\" data-element_type=\"section\" data-e-type=\"section\">\n\t\t\t\t\t\t<div class=\"elementor-container elementor-column-gap-default\">\n\t\t\t\t\t<div class=\"elementor-column elementor-col-50 elementor-inner-column elementor-element elementor-element-00b2efb\" data-id=\"00b2efb\" data-element_type=\"column\" data-e-type=\"column\">\n\t\t\t<div class=\"elementor-widget-wrap elementor-element-populated\">\n\t\t\t\t\t\t<div class=\"elementor-element elementor-element-8a20562 elementor-widget elementor-widget-text-editor\" data-id=\"8a20562\" data-element_type=\"widget\" data-e-type=\"widget\" data-widget_type=\"text-editor.default\">\n\t\t\t\t<div class=\"elementor-widget-container\">\n\t\t\t\t\t\t\t\t\t<ul><li>Elaborer les prises de position sur les affaires d\u2019int\u00e9r\u00eat g\u00e9n\u00e9ral<\/li><li>Agir au nom des divers domaines d\u2019activit\u00e9s qui la compose d\u2019une mani\u00e8re collective ou individuellement pour un domaine sp\u00e9cifique\u00a0<\/li><li>N\u00e9gocier les conventions collectives de travail avec les partenaires sociaux<\/li><li>Soutenir et conseiller ses membres dans leurs relations avec les partenaires sociaux de travail (CCT)<\/li><\/ul>\t\t\t\t\t\t\t\t<\/div>\n\t\t\t\t<\/div>\n\t\t\t\t\t<\/div>\n\t\t<\/div>\n\t\t\t\t<div class=\"elementor-column elementor-col-50 elementor-inner-column elementor-element elementor-element-e73ecc4\" data-id=\"e73ecc4\" data-element_type=\"column\" data-e-type=\"column\">\n\t\t\t<div class=\"elementor-widget-wrap elementor-element-populated\">\n\t\t\t\t\t\t<div class=\"elementor-element elementor-element-9ecb234 elementor-widget elementor-widget-text-editor\" data-id=\"9ecb234\" data-element_type=\"widget\" data-e-type=\"widget\" data-widget_type=\"text-editor.default\">\n\t\t\t\t<div class=\"elementor-widget-container\">\n\t\t\t\t\t\t\t\t\t<ul><li>Promouvoir l\u2019art du carrelage, tout sp\u00e9cialement dans la construction<\/li><li>Dispenser des conseils et des informations \u00e0 ses membres<\/li><li>Repr\u00e9senter les int\u00e9r\u00eats de ses membres vis-\u00e0-vis des pouvoirs publics, des tiers et des organisations fa\u00eeti\u00e8res<\/li><\/ul>\t\t\t\t\t\t\t\t<\/div>\n\t\t\t\t<\/div>\n\t\t\t\t\t<\/div>\n\t\t<\/div>\n\t\t\t\t\t<\/div>\n\t\t<\/section>\n\t\t\t\t\t<\/div>\n\t\t<\/div>\n\t\t\t\t\t<\/div>\n\t\t<\/section>\n\t\t\t\t<section class=\"elementor-section elementor-top-section elementor-element elementor-element-0124a32 elementor-section-boxed elementor-section-height-default elementor-section-height-default\" data-id=\"0124a32\" data-element_type=\"section\" data-e-type=\"section\" data-settings=\"{&quot;background_background&quot;:&quot;classic&quot;}\">\n\t\t\t\t\t\t<div class=\"elementor-container elementor-column-gap-default\">\n\t\t\t\t\t<div class=\"elementor-column elementor-col-100 elementor-top-column elementor-element elementor-element-e58dbb4\" data-id=\"e58dbb4\" data-element_type=\"column\" data-e-type=\"column\">\n\t\t\t<div class=\"elementor-widget-wrap elementor-element-populated\">\n\t\t\t\t\t\t<div class=\"elementor-element elementor-element-f814e76 elementor-widget elementor-widget-text-editor\" data-id=\"f814e76\" data-element_type=\"widget\" data-e-type=\"widget\" data-widget_type=\"text-editor.default\">\n\t\t\t\t<div class=\"elementor-widget-container\">\n\t\t\t\t\t\t\t\t\t<p>Pour adh\u00e9rer au GFC et b\u00e9n\u00e9ficier de nos prestations, il vous suffit de remplir le formulaire en ligne. Le comit\u00e9 de l\u2019association se fera un plaisir d\u2019analyser votre candidature\u00a0!<\/p>\t\t\t\t\t\t\t\t<\/div>\n\t\t\t\t<\/div>\n\t\t\t\t<div class=\"elementor-element elementor-element-9eace17 elementor-align-center elementor-widget elementor-widget-button\" data-id=\"9eace17\" data-element_type=\"widget\" data-e-type=\"widget\" data-widget_type=\"button.default\">\n\t\t\t\t<div class=\"elementor-widget-container\">\n\t\t\t\t\t\t\t\t\t<div class=\"elementor-button-wrapper\">\n\t\t\t\t\t<a class=\"elementor-button elementor-button-link elementor-size-sm\" href=\"https:\/\/gfc-fr.ch\/index.php\/formulaire_membreacces\/\" target=\"_blank\">\n\t\t\t\t\t\t<span class=\"elementor-button-content-wrapper\">\n\t\t\t\t\t\t\t\t\t<span class=\"elementor-button-text\">devenir membre<\/span>\n\t\t\t\t\t<\/span>\n\t\t\t\t\t<\/a>\n\t\t\t\t<\/div>\n\t\t\t\t\t\t\t\t<\/div>\n\t\t\t\t<\/div>\n\t\t\t\t\t<\/div>\n\t\t<\/div>\n\t\t\t\t\t<\/div>\n\t\t<\/section>\n\t\t\t\t<section class=\"elementor-section elementor-top-section elementor-element elementor-element-fa23985 elementor-section-boxed elementor-section-height-default elementor-section-height-default\" data-id=\"fa23985\" data-element_type=\"section\" data-e-type=\"section\">\n\t\t\t\t\t\t<div class=\"elementor-container elementor-column-gap-default\">\n\t\t\t\t\t<div class=\"elementor-column elementor-col-100 elementor-top-column elementor-element elementor-element-e1896b6\" data-id=\"e1896b6\" data-element_type=\"column\" data-e-type=\"column\">\n\t\t\t<div class=\"elementor-widget-wrap elementor-element-populated\">\n\t\t\t\t\t\t<div class=\"elementor-element elementor-element-dae17d8 elementor-widget elementor-widget-text-editor\" data-id=\"dae17d8\" data-element_type=\"widget\" data-e-type=\"widget\" data-widget_type=\"text-editor.default\">\n\t\t\t\t<div class=\"elementor-widget-container\">\n\t\t\t\t\t\t\t\t\t<p>Avec la collaboration active de nos partenaires et de notre association faiti\u00e8re (FeRC) divers cours de perfectionnement professionnel et un cursus complet de formation sup\u00e9rieure sont organis\u00e9s. Notre association est \u00e9galement active aupr\u00e8s des mandataires de la construction dans notre canton afin de promouvoir l\u2019emploi du carrelage dans la construction et la r\u00e9novation de b\u00e2timents.<\/p>\t\t\t\t\t\t\t\t<\/div>\n\t\t\t\t<\/div>\n\t\t\t\t\t<\/div>\n\t\t<\/div>\n\t\t\t\t\t<\/div>\n\t\t<\/section>\n\t\t\t\t<\/div>\n\t\t","protected":false},"excerpt":{"rendered":"<p>Fond\u00e9e en 1961, le GFC est le Groupement fribourgeois des carreleurs. Elle regroupe plus de 26 entreprises. L\u2019association bilingue s\u2019implique dans la commission des cours interentreprises et la commission d\u2019apprentissage. News Inscription test d\u2019aptitudes Anmeldung Eignungstest Pr\u00e9sentation Elaborer les prises de position sur les affaires d\u2019int\u00e9r\u00eat g\u00e9n\u00e9ral Agir au nom des divers domaines d\u2019activit\u00e9s qui [&hellip;]<\/p>\n","protected":false},"author":6,"featured_media":0,"parent":0,"menu_order":0,"comment_status":"closed","ping_status":"closed","template":"","meta":{"footnotes":""},"class_list":["post-11","page","type-page","status-publish","hentry"],"yoast_head":"<!-- This site is optimized with the Yoast SEO plugin v27.5 - https:\/\/yoast.com\/product\/yoast-seo-wordpress\/ -->\n<title>- Groupement fribourgeois des Carreleurs<\/title>\n<meta name=\"robots\" content=\"index, follow, max-snippet:-1, max-image-preview:large, max-video-preview:-1\" \/>\n<link rel=\"canonical\" href=\"https:\/\/gfc-fr.netmanage-dev.ch\/\" \/>\n<meta property=\"og:locale\" content=\"fr_FR\" \/>\n<meta property=\"og:type\" content=\"article\" \/>\n<meta property=\"og:title\" content=\"- Groupement fribourgeois des Carreleurs\" \/>\n<meta property=\"og:description\" content=\"Fond\u00e9e en 1961, le GFC est le Groupement fribourgeois des carreleurs. Elle regroupe plus de 26 entreprises. L\u2019association bilingue s\u2019implique dans la commission des cours interentreprises et la commission d\u2019apprentissage. News Inscription test d\u2019aptitudes Anmeldung Eignungstest Pr\u00e9sentation Elaborer les prises de position sur les affaires d\u2019int\u00e9r\u00eat g\u00e9n\u00e9ral Agir au nom des divers domaines d\u2019activit\u00e9s qui [&hellip;]\" \/>\n<meta property=\"og:url\" content=\"https:\/\/gfc-fr.netmanage-dev.ch\/\" \/>\n<meta property=\"og:site_name\" content=\"Groupement fribourgeois des Carreleurs\" \/>\n<meta property=\"article:modified_time\" content=\"2024-10-02T13:18:00+00:00\" \/>\n<meta name=\"twitter:card\" content=\"summary_large_image\" \/>\n<meta name=\"twitter:label1\" content=\"Dur\u00e9e de lecture estim\u00e9e\" \/>\n\t<meta name=\"twitter:data1\" content=\"2 minutes\" \/>\n<script type=\"application\/ld+json\" class=\"yoast-schema-graph\">{\"@context\":\"https:\\\/\\\/schema.org\",\"@graph\":[{\"@type\":\"WebPage\",\"@id\":\"https:\\\/\\\/gfc-fr.netmanage-dev.ch\\\/\",\"url\":\"https:\\\/\\\/gfc-fr.netmanage-dev.ch\\\/\",\"name\":\"- Groupement fribourgeois des Carreleurs\",\"isPartOf\":{\"@id\":\"https:\\\/\\\/gfc-fr.netmanage-dev.ch\\\/#website\"},\"datePublished\":\"2021-03-22T08:01:37+00:00\",\"dateModified\":\"2024-10-02T13:18:00+00:00\",\"inLanguage\":\"fr-FR\",\"potentialAction\":[{\"@type\":\"ReadAction\",\"target\":[\"https:\\\/\\\/gfc-fr.netmanage-dev.ch\\\/\"]}]},{\"@type\":\"WebSite\",\"@id\":\"https:\\\/\\\/gfc-fr.netmanage-dev.ch\\\/#website\",\"url\":\"https:\\\/\\\/gfc-fr.netmanage-dev.ch\\\/\",\"name\":\"Groupement fribourgeois des Carreleurs\",\"description\":\"\",\"potentialAction\":[{\"@type\":\"SearchAction\",\"target\":{\"@type\":\"EntryPoint\",\"urlTemplate\":\"https:\\\/\\\/gfc-fr.netmanage-dev.ch\\\/?s={search_term_string}\"},\"query-input\":{\"@type\":\"PropertyValueSpecification\",\"valueRequired\":true,\"valueName\":\"search_term_string\"}}],\"inLanguage\":\"fr-FR\"}]}<\/script>\n<!-- \/ Yoast SEO plugin. -->","yoast_head_json":{"title":"- Groupement fribourgeois des Carreleurs","robots":{"index":"index","follow":"follow","max-snippet":"max-snippet:-1","max-image-preview":"max-image-preview:large","max-video-preview":"max-video-preview:-1"},"canonical":"https:\/\/gfc-fr.netmanage-dev.ch\/","og_locale":"fr_FR","og_type":"article","og_title":"- Groupement fribourgeois des Carreleurs","og_description":"Fond\u00e9e en 1961, le GFC est le Groupement fribourgeois des carreleurs. Elle regroupe plus de 26 entreprises. L\u2019association bilingue s\u2019implique dans la commission des cours interentreprises et la commission d\u2019apprentissage. News Inscription test d\u2019aptitudes Anmeldung Eignungstest Pr\u00e9sentation Elaborer les prises de position sur les affaires d\u2019int\u00e9r\u00eat g\u00e9n\u00e9ral Agir au nom des divers domaines d\u2019activit\u00e9s qui [&hellip;]","og_url":"https:\/\/gfc-fr.netmanage-dev.ch\/","og_site_name":"Groupement fribourgeois des Carreleurs","article_modified_time":"2024-10-02T13:18:00+00:00","twitter_card":"summary_large_image","twitter_misc":{"Dur\u00e9e de lecture estim\u00e9e":"2 minutes"},"schema":{"@context":"https:\/\/schema.org","@graph":[{"@type":"WebPage","@id":"https:\/\/gfc-fr.netmanage-dev.ch\/","url":"https:\/\/gfc-fr.netmanage-dev.ch\/","name":"- Groupement fribourgeois des Carreleurs","isPartOf":{"@id":"https:\/\/gfc-fr.netmanage-dev.ch\/#website"},"datePublished":"2021-03-22T08:01:37+00:00","dateModified":"2024-10-02T13:18:00+00:00","inLanguage":"fr-FR","potentialAction":[{"@type":"ReadAction","target":["https:\/\/gfc-fr.netmanage-dev.ch\/"]}]},{"@type":"WebSite","@id":"https:\/\/gfc-fr.netmanage-dev.ch\/#website","url":"https:\/\/gfc-fr.netmanage-dev.ch\/","name":"Groupement fribourgeois des Carreleurs","description":"","potentialAction":[{"@type":"SearchAction","target":{"@type":"EntryPoint","urlTemplate":"https:\/\/gfc-fr.netmanage-dev.ch\/?s={search_term_string}"},"query-input":{"@type":"PropertyValueSpecification","valueRequired":true,"valueName":"search_term_string"}}],"inLanguage":"fr-FR"}]}},"_links":{"self":[{"href":"https:\/\/gfc-fr.netmanage-dev.ch\/index.php\/wp-json\/wp\/v2\/pages\/11","targetHints":{"allow":["GET"]}}],"collection":[{"href":"https:\/\/gfc-fr.netmanage-dev.ch\/index.php\/wp-json\/wp\/v2\/pages"}],"about":[{"href":"https:\/\/gfc-fr.netmanage-dev.ch\/index.php\/wp-json\/wp\/v2\/types\/page"}],"author":[{"embeddable":true,"href":"https:\/\/gfc-fr.netmanage-dev.ch\/index.php\/wp-json\/wp\/v2\/users\/6"}],"replies":[{"embeddable":true,"href":"https:\/\/gfc-fr.netmanage-dev.ch\/index.php\/wp-json\/wp\/v2\/comments?post=11"}],"version-history":[{"count":272,"href":"https:\/\/gfc-fr.netmanage-dev.ch\/index.php\/wp-json\/wp\/v2\/pages\/11\/revisions"}],"predecessor-version":[{"id":1203,"href":"https:\/\/gfc-fr.netmanage-dev.ch\/index.php\/wp-json\/wp\/v2\/pages\/11\/revisions\/1203"}],"wp:attachment":[{"href":"https:\/\/gfc-fr.netmanage-dev.ch\/index.php\/wp-json\/wp\/v2\/media?parent=11"}],"curies":[{"name":"wp","href":"https:\/\/api.w.org\/{rel}","templated":true}]}}